-38404 - -68572. List the prime factors of t.
2, 3, 419
Suppose -5*n + 356 = 4*w, -5*n + 248 = 5*w - 107. Let j = n + -69. What are the prime factors of ((-44)/(-16))/(11/(-4) + j)?
11
Let z = 42 + -34. Let s(v) = -90 + z*v - 4*v + 91. What are the prime factors of s(8)?
3, 11
Suppose -3*c + 539 = 143. Suppose -q = 3*q - c. List the prime factors of 72/(-14)*(-1078)/q.
2, 3, 7
Suppose -3*f + 0*f + 5*i + 298 = 0, -2*i - 10 = 0. Let o = 471 - f. What are the prime factors of o?
2, 5, 19
Let w be (-2)/11 + ((-279)/(-33))/(-3). Let p be 440/165*w*(-1)/2. Suppose -112 = -2*r + 3*x, 0 = -0*x + 2*x - p. What are the prime factors of r?
59
List the prime factors of -2 - 3 - (-2310)/450 - (-327193)/15.
3, 11, 661
List the prime factors of ((-42)/1)/(-6) + -4 + (-3 - -7378).
2, 7, 17, 31
Suppose -q + 5*u + 25 = 0, -5*u + 8*u - 50 = -2*q. Let p = q - -437. List the prime factors of p.
2, 3, 7, 11
List the prime factors of 8 - (-4414)/(-4)*-4.
2, 3, 11, 67
Let n = 13142 + -1982. List the prime factors of n.
2, 3, 5, 31
Suppose 0 = -0*k + 5*k - q - 76, -2*k - q = -36. List the prime factors of ((-1254)/2)/((-12)/k).
2, 11, 19
Let q = 11629 + -2766. What are the prime factors of q?
8863
Let u(c) = c**2 - 7*c - 8. Let l = 18 - 10. Let t be u(l). Let a = 25 - t. What are the prime factors of a?
5
Let h be 8/2 + -3 + 13/13 + 0. Suppose -7 + 5 = -z. Suppose -h*q - z*f = -7*q + 623, 4*f = -16. What are the prime factors of q?
3, 41
Suppose 5*f = -g + 55, 0 = -g - 0*f + f + 37. Let x be (-1 - -2) + 1 + 8. List the prime factors of 948/x - (-8)/g.
5, 19
Let h(s) = s**3 + 26*s**2 - 130*s - 1941. What are the prime factors of h(-16)?
2699
Let a(l) = -6*l**3 - 36*l**2 - 31*l + 3. What are the prime factors of a(-14)?
5, 11, 179
Let d = 17944 + -1098. What are the prime factors of d?
2, 8423
Let d = -59 + 62. Suppose 0*w - 3*j - 1116 = -d*w, 4*w - 1478 = 2*j. What are the prime factors of w?
367
Suppose -5*h - 51 = -2*b + 10, -17 = h - 2*b. Let i be (-4)/(-12) - (h/3 + 0). Suppose 6*l - i*l = 394. List the prime factors of l.
197
Suppose -2*c = p + 35, -8*p = -7*p - 4*c + 65. Suppose q - 5*q = 452. Let w = p - q. What are the prime factors of w?
2, 17
Let q be 15 + -15 - 3/(-3). What are the prime factors of (411 - q) + 168/(-42)?
2, 7, 29
Suppose -1272 - 838 = -5*p. Suppose -431*s + 4356 = -p*s. What are the prime factors of s?
2, 11
Suppose -222*l + 10784316 = 99*l. What are the prime factors of l?
2, 37, 227
Let n be (-2)/18 - 2086/(-63). Let g(b) = b**3 - 32*b**2 - 9*b - 44. List the prime factors of g(n).
2, 11, 17
Let x(w) = 5*w**3 + 2*w**2 - 2. Let k be 201/9 - (4 - 2)/6. Let r = 25 - k. What are the prime factors of x(r)?
151
Let o(y) = y**2 + 15*y + 18. Let j be o(-14). Let n be (-64)/(-10)*((3 - 2) + j). Let l = n - 18. What are the prime factors of l?
2, 7
What are the prime factors of (2789 + 2)*12 + 45/(-15)?
3, 61
Let m = 47 + -42. Suppose 769 = -m*r + 3009. What are the prime factors of r?
2, 7
Suppose -1337365 = -14*l + 45*l - 3351342. What are the prime factors of l?
7, 9281
Let p(t) = 25*t + 61. Let s(g) = -63*g - 120. Let b(h) = -16*h - 30. Let r(y) = 15*b(y) - 4*s(y). Let q(l) = 4*p(l) - 9*r(l). List the prime factors of q(-23).
2, 79
Suppose -11*k + k = 40. Let i(m) = 18*m**2 - 8*m + 9. List the prime factors of i(k).
7, 47
Suppose -3*r + 5*m = -9, -10 = -2*r + 5*m + 1. Let g be r + (-176 - 2) + 2 + -1. Let a = -80 - g. What are the prime factors of a?
3, 11
List the prime factors of (-71)/((-1988)/426048) + (-2)/(2*1).
5, 17, 179
Suppose 22*d - 19*d = q + 6558, -4*d - 2*q = -8754. List the prime factors of d.
3
Let y(i) = 23*i**2 - 18*i - 26. Let a be y(-13). List the prime factors of (-1)/(-4) + a/84.
7
Let p(i) = i**3 - 10*i**2 + 22*i - 19. Let v be p(8). Let a(r) = r**3 - 29*r**2 + 27*r - 8. What are the prime factors of a(v)?
5, 31
Suppose 3*z - 321 = 3*m, -5*z + 6*z + m - 115 = 0. Let y = 115 - z. Suppose 0 = -y*d + d + 24. What are the prime factors of d?
2
Let d(a) = -18*a**2 + 0 - 4*a - 2*a + 1 + 431*a**2. List the prime factors of d(1).
2, 3, 17
Let f(v) = 4*v - 22. Let h be f(3). Let s be (-4)/h + (3339/5)/3. Suppose -4*k + s = -2*n - 161, 2*n + 99 = k. List the prime factors of k.
5, 19
Let p(j) = 9*j**2 + 109*j - 322. What are the prime factors of p(28)?
2, 3, 7, 233
Suppose 0 = -2*p + 3*r - 27481 + 71675, -12 = 3*r. List the prime factors of p.
22091
Suppose 2*c - 39586 = -4*r, -2*c - 19*r + 39592 = -17*r. List the prime factors of c.
13, 1523
Suppose 5*s - 30 + 5 = 0. Suppose -6*b = -s*b. Suppose y = -5, 5*i + 5*y - 7*y - 395 = b. What are the prime factors of i?
7, 11
Suppose 8*z + 84 = -412. Let b = z + 349. What are the prime factors of b?
7, 41
Suppose -25*d + 29*d - 795315 = -33*d. What are the prime factors of d?
3, 5, 1433
Let z(v) = -151*v + 71. Let b be z(-5). Suppose 0 = -5*l + 15, 2*l + b = 2*w - 318. What are the prime factors of w?
5, 23
Let o = 38 + -36. Suppose t - 3 = -j, -o*t + 4*j = -3*t + 18. Let k(u) = 6*u**2 + 7*u + 4. List the prime factors of k(t).
2, 7
Suppose -m = 4*v - 493, 0*v - 618 = -5*v - 3*m. Let z = 125 - v. List the prime factors of z/6 - (2984/6)/(-2).
3, 83
List the prime factors of (0 - (5 + 1)) + (-143741)/(-13).
43, 257
Suppose 154 = -4*u + 5*u. Let i = 184 - u. What are the prime factors of i?
2, 3, 5
Let m be 7/28*16*1. Suppose 4*w + 16 = 0, -m*q + w = q - 1714. What are the prime factors of q?
2, 3, 19
List the prime factors of 0 + -8 + 8 - (-2 + -12589).
3, 1399
Suppose -q - 68 = -428. What are the prime factors of q?
2, 3, 5
Let t(w) = 3*w**2 - 14*w - 22. Let a be t(6). Suppose 4*z + a*q = 536 - 48, 474 = 4*z - 5*q. What are the prime factors of z?
11
Suppose 212 + 1178 = 5*f. Suppose -4*r - 330 - 226 = -2*k, 0 = k - 4*r - f. What are the prime factors of k?
2, 139
Let j(d) = 3*d**2 - 137*d - 20. List the prime factors of j(-44).
2, 7, 211
Let w = -392 + 388. What are the prime factors of (-1708)/(-8) - w/(-8)?
3, 71
Let t(z) = -z**3 + 3*z**2 + z - 1. Let b be t(2). Suppose g = 5*w + 241, -w + b*g + 265 = -6*w. List the prime factors of (w + -2)*1/(-1).
3, 17
Suppose -3*w + 8 = -a, 0 = a + 2*w + 3. Let y be -1 + 508 - (9 + a). Suppose 225 = 7*t - y. List the prime factors of t.
2, 13
Let h(u) = u**3 + 5*u**2 - u + 1. Let k be h(-5). Suppose k*a - 3*a - 12 = 0. Suppose -211 + 755 = a*z. List the prime factors of z.
2, 17
Suppose -2 = -12*c + 13*c, 3*c = -3*m - 24. Let a(b) = -3*b**2 + 2*b + 8. Let n be a(6). List the prime factors of (n + 10)*m/4.
3, 13
Let s(g) be the second derivative of g**4/3 - 3*g**3/2 + 67*g**2/2 + 14*g. What are the prime factors of s(7)?
2, 5
Let i(n) = 335*n - 479. List the prime factors of i(17).
2, 163
Suppose 151*h = -146*h + 291*h + 121614. What are the prime factors of h?
20269
Suppose -25 = 5*w, 9*f - 10*f + 5*w + 750 = 0. Let s = f - 268. List the prime factors of s.
457
Let a = -2449 + 3341. What are the prime factors of a?
2, 223
Let w = 61 + -20. Let x = 43 - w. Suppose -3 = g, -x*s + 27 = g - 226. What are the prime factors of s?
2
Suppose 1283*w + 5*j = 1286*w - 4431, 0 = 5*j - 30. What are the prime factors of w?
1487
Let l = -54 - -56. Suppose -5*m = -3*q - l*m + 9, 3*q = -4*m + 9. Suppose -q*i - 245 = -2*j, j + 3*i = -0*i + 145. List the prime factors of j.
2, 5, 13
Suppose 24*i + 4074 = 181362. What are the prime factors of i?
83, 89
Let o(v) = -v**2 + 8*v + 5. Suppose 10*a = 11*a - 40. Suppose 4*m + 5*l - a = 7*l, 2*m + 5*l = -4. List the prime factors of o(m).
5
Let u(h) = 25*h**2 - 65*h - 87. List the prime factors of u(-28).
3, 13, 547
Let y(v) = -v**3 - v**2 + 45*v + 9941. List the prime factors of y(0).
9941
Suppose 3*d + 4*u - 493 = 0, -507 = -d - 2*d + 3*u. Let f be -4 - d - (-3 + 1). Let t = f - -273. List the prime factors of t.
2, 13
Let r(j) be the third derivative of 29*j**6/120 + j**4/12 - j**3/6 + 14*j**2. Let f be r(1). What are the prime factors of 6*-1*(-740)/f?
2, 37
What are the prime factors of 384/(-3648) - 438902/(-19)*1?
2, 3, 5, 7, 11
Let t(x) = -11*x - 7. Suppose -4*z + 42 + 54 = 0. Suppose z = -m + 5*p, 5*m + 0*p + 4*p = -4. What are the prime factors of t(m)?
37
Suppose 10*r - 96858 = 116342. What are the prime factors of r?
2, 5, 13, 41
Let l(k) = -156*k - 18. Let d be l(-5). Let b = d + -449. What are the prime fact